common divisor of 65 and 897.
13
Calculate the highest common divisor of 394 and 1951285.
197
Calculate the greatest common factor of 1156152 and 24.
24
Calculate the greatest common divisor of 295 and 505630.
295
What is the highest common divisor of 10021 and 957?
11
Calculate the greatest common divisor of 126 and 139662.
18
Calculate the greatest common factor of 14214 and 3174.
138
What is the greatest common divisor of 59136 and 3024?
336
What is the greatest common divisor of 6394 and 62967?
139
Calculate the greatest common factor of 29977 and 93.
31
Calculate the highest common divisor of 122044 and 208.
52
Calculate the highest common divisor of 810 and 1535.
5
What is the greatest common factor of 1593111 and 39?
39
Calculate the highest common divisor of 1168 and 368.
16
What is the highest common divisor of 1890 and 18606?
42
What is the highest common divisor of 31 and 11594?
31
Calculate the greatest common divisor of 168633 and 369.
369
Calculate the greatest common divisor of 1734 and 56066.
578
Calculate the greatest common divisor of 3661 and 7.
7
What is the greatest common factor of 112144 and 3956?
172
Calculate the highest common divisor of 312 and 715299.
39
Calculate the highest common divisor of 28785 and 2280.
285
What is the highest common factor of 780 and 132015?
195
What is the highest common factor of 77105 and 220?
5
What is the highest common factor of 190 and 3755008?
38
Calculate the highest common factor of 298 and 433441.
149
Calculate the greatest common factor of 1296 and 828.
36
Calculate the greatest common divisor of 82745 and 247.
247
What is the greatest common factor of 348 and 38802?
174
What is the highest common factor of 59822 and 112?
14
Calculate the highest common divisor of 82 and 88642.
82
Calculate the highest common divisor of 59 and 39530.
59
Calculate the greatest common factor of 130132 and 1.
1
What is the highest common factor of 54 and 22383?
27
Calculate the greatest common factor of 88 and 593428.
44
What is the greatest common factor of 21 and 156373?
7
Calculate the highest common divisor of 25625 and 287.
41
What is the highest common factor of 61239 and 4023?
447
Calculate the highest common factor of 473666 and 188.
94
Calculate the highest common divisor of 6399 and 144.
9
What is the greatest common factor of 8528 and 46371?
533
What is the highest common divisor of 8244 and 1603?
229
Calculate the greatest common factor of 175125 and 375.
375
Calculate the greatest common divisor of 25 and 147800.
25
Calculate the greatest common divisor of 1610 and 1541.
23
Calculate the greatest common factor of 170 and 155.
5
Calculate the greatest common divisor of 90 and 19340190.
90
Calculate the highest common divisor of 368 and 23216.
16
What is the highest common divisor of 3534 and 355566?
114
What is the highest common divisor of 289 and 31?
1
Calculate the highest common factor of 1989086 and 1012.
506
Calculate the highest common divisor of 4200 and 854.
14
What is the highest common divisor of 10420 and 130?
10
Calculate the greatest common factor of 28623 and 99687.
987
Calculate the highest common divisor of 1503 and 334.
167
Calculate the greatest common factor of 54 and 57654.
18
Calculate the greatest common factor of 43697 and 703.
37
What is the greatest common factor of 426 and 202350?
426
What is the greatest common factor of 4556 and 49044?
268
What is the greatest common divisor of 123536 and 224?
112
What is the greatest common divisor of 35 and 12068?
7
What is the highest common divisor of 596 and 266561?
149
What is the highest common divisor of 246 and 87207?
123
What is the greatest common divisor of 126732 and 21948?
708
What is the highest common factor of 1637 and 11953374?
1637
Calculate the greatest common factor of 121 and 19.
1
What is the greatest common divisor of 45 and 43965?
45
What is the greatest common factor of 244 and 20374?
122
Calculate the greatest common divisor of 61938 and 124.
62
Calculate the highest common divisor of 639576 and 315.
63
Calculate the greatest common divisor of 84 and 41706.
42
Calculate the highest common factor of 92368 and 144.
16
What is the greatest common divisor of 51272 and 408?
136
Calculate the greatest common factor of 54 and 13266.
18
What is the greatest common factor of 12384 and 28848?
48
Calculate the greatest common factor of 13 and 265057.
13
What is the highest common factor of 1695 and 14577?
339
What is the highest common divisor of 400 and 59850?
50
What is the highest common divisor of 304688 and 7124?
548
What is the greatest common factor of 47432 and 742?
14
What is the greatest common factor of 1086 and 45114?
6
Calculate the greatest common divisor of 8 and 95426.
2
What is the greatest common divisor of 5088 and 30210?
318
What is the highest common divisor of 164 and 25994?
82
Calculate the highest common divisor of 67 and 33701.
67
What is the greatest common factor of 67354 and 2142?
238
What is the highest common divisor of 33 and 35013?
33
Calculate the highest common factor of 69636 and 2100.
84
Calculate the highest common factor of 2077 and 1333.
31
Calculate the greatest common divisor of 12875 and 16625.
125
Calculate the greatest common divisor of 5966 and 1387.
19
Calculate the greatest common divisor of 2975 and 174675.
425
What is the highest common factor of 568 and 2835811?
71
Calculate the greatest common factor of 18326 and 55517.
539
What is the greatest common factor of 231 and 13563?
33
What is the highest common factor of 1368 and 18920?
8
What is the highest common factor of 11 and 4576198?
11
What is the highest common factor of 78616 and 496?
248
Calculate the greatest common factor of 683744 and 6.
2
What is the greatest common divisor of 136 and 746708?
68
What is the highest common factor of 44997 and 477?
159
What is the greatest common divisor of 315 and 13125?
105
Calculate the highest common factor of 915503 and 263.
263
What is the highest common divisor of 46344 and 30?
6
What is the highest common factor of 7975386 and 18?
18
What is the greatest common factor of 807921 and 621?
621
Calculate the highest common factor of 5896 and 24.
8
What is the greatest common divisor of 176 and 1737868?
44
Calculate the greatest common factor of 395646 and 230.
46
Calculate the highest common factor of 70 and 60.
10
Calculate the greatest common factor of 656732 and 4.
4
Calculate the highest common factor of 29 and 467683.
29
What is the highest common factor of 1240 and 51860?
20
What is the greatest common divisor of 53577 and 9?
9
What is the greatest common divisor of 11185009 and 33?
11
What is the highest common divisor of 947 and 6949086?
947
Calculate the highest common factor of 7150 and 2050.
50
Calculate the greatest common factor of 2405 and 14911.
481
Calculate the greatest common factor of 526860 and 2340.
180
Calculate the greatest common divisor of 1774 and 10780598.
1774
What is the highest common factor of 345 and 2461?
23
Calculate the highest common divisor of 676714 and 474.
158
Calculate the greatest common divisor of 127511 and 94.
47
What is the greatest common divisor of 68886 and 161766?
774
What is the highest common factor of 766033 and 3715?
743
Calculate the greatest common divisor of 25 and 676790.
5
Calculate the highest common factor of 22718 and 740.
74
What is the highest common factor of 3811 and 38073?
37
Calculate the greatest common divisor of 41280 and 96.
96
What is the greatest common divisor of 12526 and 94?
2
Calculate the greatest common divisor of 572 and 10426.
26
Calculate the greatest common divisor of 105880 and 120.
40
Calculate the greatest common factor of 1120 and 46720.
160
Calculate the highest common divisor of 521008 and 8.
8
What is the highest common divisor of 43060 and 560?
20
What is the highest common divisor of 10 and 2967130?
10
What is the highest common divisor of 95 and 549157?
19
Calculate the highest common divisor of 2420 and 68200.
220
Calculate the highest common factor of 1800 and 8600.
200
What is the highest common divisor of 12 and 6009?
3
Calculate the highest common divisor of 57040 and 4784.
368
Calculate the highest common factor of 58 and 7018.
58
Calculate the greatest common fac